84 a multiple of 27?
True
Does 47 divide 11138154?
True
Is 429708 a multiple of 4?
True
Does 3 divide 273999?
True
Is 63 a factor of 42714?
True
Is 1532880 a multiple of 15?
True
Does 3 divide 45773?
False
Is 1292 a factor of 5202052?
False
Is 59 a factor of 347868?
False
Is 3193236 a multiple of 27?
True
Does 99 divide 162261?
True
Is 460756 a multiple of 430?
False
Is 222 a factor of 380083?
False
Is 181444 a multiple of 21?
False
Is 140 a factor of 15094598?
False
Is 179602 a multiple of 139?
False
Is 15225784 a multiple of 301?
True
Does 44 divide 6642404?
False
Is 285710 a multiple of 334?
False
Is 1943168 a multiple of 19?
True
Is 2312449 a multiple of 89?
False
Is 72 a factor of 529900?
False
Is 462 a factor of 12697608?
True
Is 64 a factor of 193728?
True
Is 621 a factor of 17677386?
True
Is 258 a factor of 104072?
False
Is 1032868 a multiple of 30?
False
Is 359 a factor of 12258984?
False
Does 78 divide 6323397?
False
Is 51930 a multiple of 30?
True
Does 12 divide 115539?
False
Is 1750853 a multiple of 13?
True
Does 690 divide 4872090?
True
Does 22 divide 686378?
True
Is 1313312 a multiple of 451?
True
Is 595749 a multiple of 21?
True
Is 4940866 a multiple of 9?
False
Is 61 a factor of 403971?
False
Does 191 divide 10545093?
False
Is 484218 a multiple of 14?
True
Is 348607 a multiple of 430?
False
Does 71 divide 159738?
False
Is 34544 a multiple of 27?
False
Is 77168 a multiple of 13?
True
Does 1818 divide 6240822?
False
Is 2213216 a multiple of 32?
True
Is 33 a factor of 108843?
False
Is 5154 a multiple of 4?
False
Is 64 a factor of 25408?
True
Is 123 a factor of 5989526?
False
Does 203 divide 1139845?
True
Does 218 divide 824352?
False
Is 5 a factor of 4320495?
True
Does 13 divide 268112?
True
Is 564 a factor of 1865148?
True
Is 446 a factor of 1990765?
False
Is 1658119 a multiple of 5?
False
Is 33 a factor of 183414?
True
Is 55 a factor of 150131?
False
Is 26 a factor of 816868?
True
Does 14 divide 970049?
False
Is 3 a factor of 6882?
True
Is 3 a factor of 253142?
False
Is 3326488 a multiple of 11?
True
Does 20 divide 65120?
True
Does 30 divide 88740?
True
Is 27 a factor of 164538?
True
Is 147 a factor of 52038?
True
Does 3 divide 61371?
True
Does 26 divide 60041?
False
Does 344 divide 319576?
True
Is 7695399 a multiple of 19?
True
Is 395388 a multiple of 4?
True
Is 7 a factor of 201348?
True
Does 875 divide 2454049?
False
Is 8 a factor of 319863?
False
Is 2035873 a multiple of 9?
False
Is 49 a factor of 5360465?
False
Is 229958 a multiple of 28?
False
Is 148 a factor of 1125257?
False
Is 226 a factor of 33674?
True
Does 58 divide 27707?
False
Is 7 a factor of 931616?
True
Is 28 a factor of 1842977?
False
Is 52440 a multiple of 345?
True
Is 9428029 a multiple of 57?
False
Is 59 a factor of 1962045?
True
Is 18 a factor of 6295644?
True
Is 260 a factor of 281461?
False
Is 1438371 a multiple of 27?
True
Is 2941522 a multiple of 152?
False
Is 20997398 a multiple of 8?
False
Does 4 divide 3209100?
True
Is 137 a factor of 360795?
False
Is 13 a factor of 391919?
False
Is 2 a factor of 4620?
True
Does 13 divide 131962?
False
Does 714 divide 233535?
False
Does 32 divide 33271?
False
Does 331 divide 282012?
True
Is 725865 a multiple of 30?
False
Is 38 a factor of 127658?
False
Is 571639 a multiple of 13?
False
Does 963 divide 9269766?
False
Is 15 a factor of 872526?
False
Is 270248 a multiple of 148?
True
Does 23 divide 1854283?
True
Is 198 a factor of 485694?
True
Does 91 divide 388422?
False
Is 12231900 a multiple of 131?
False
Is 1376600 a multiple of 140?
False
Is 33 a factor of 60004?
False
Does 14 divide 1691756?
False
Does 30 divide 701660?
False
Is 236 a factor of 265264?
True
Does 20 divide 7179140?
True
Is 7 a factor of 529173?
False
Does 18 divide 190302?
False
Is 11 a factor of 1815715?
True
Is 23 a factor of 736920?
True
Is 5 a factor of 262500?
True
Is 114 a factor of 606138?
True
Is 5733243 a multiple of 11?
False
Does 253 divide 638198?
False
Is 37 a factor of 4188960?
False
Is 75 a factor of 22000575?
True
Is 83387 a multiple of 61?
True
Is 147 a factor of 1143177?
False
Does 20 divide 547214?
False
Is 176300 a multiple of 100?
True
Is 67248 a multiple of 10?
False
Is 8899715 a multiple of 1571?
True
Does 103 divide 6153529?
True
Is 506584 a multiple of 12?
False
Is 939642 a multiple of 11?
True
Is 81 a factor of 6643863?
True
Is 1061543 a multiple of 139?
True
Is 759478 a multiple of 49?
False
Is 55 a factor of 80905?
True
Is 433 a factor of 3391030?
False
Does 40 divide 1579407?
False
Does 174 divide 1191590?
False
Does 699 divide 1998441?
True
Is 534744 a multiple of 252?
True
Is 22 a factor of 378070?
True
Does 255 divide 257227?
False
Does 196 divide 7558587?
False
Is 11 a factor of 2968560?
False
Is 586562 a multiple of 23?
False
Is 905862 a multiple of 51?
True
Does 19 divide 29298?
True
Does 21 divide 76524?
True
Does 7 divide 4882863?
False
Is 35 a factor of 5778535?
True
Is 729189 a multiple of 239?
True
Does 13 divide 1411423?
True
Does 37 divide 31903?
False
Does 79 divide 2104311?
False
Is 189595 a multiple of 10?
False
Is 1017109 a multiple of 196?
False
Is 15 a factor of 2316150?
True
Is 818019 a multiple of 9?
True
Is 315 a factor of 51060?
False
Is 608273 a multiple of 524?
False
Does 298 divide 250618?
True
Does 58 divide 2241698?
False
Does 15 divide 2560605?
True
Is 32 a factor of 87264?
True
Is 15 a factor of 10287498?
False
Is 314988 a multiple of 135?
False
Does 32 divide 615996?
False
Is 448 a factor of 1538880?
True
Is 458133 a multiple of 24?
False
Is 31 a factor of 403465?
True
Does 11 divide 2294?
False
Is 2 a factor of 121893?
False
Is 145 a factor of 595225?
True
Does 14 divide 195188?
True
Is 261067 a multiple of 138?
False
Does 10 divide 296380?
True
Is 268 a factor of 12686584?
True
Is 80 a factor of 649844?
False
Is 451770 a multiple of 367?
False
Is 534200 a multiple of 267?
False
Does 34 divide 108886?
False
Is 469000 a multiple of 114?
False
Does 21 divide 19131?
True
Is 10483564 a multiple of 63?
False
Is 574959 a multiple of 3?
True
Does 7 divide 711115?
False
Is 344253 a multiple of 273?
True
Does 8 divide 5653637?
False
Is 19 a factor of 5871?
True
Is 616 a factor of 988680?
True
Is 123386 a multiple of 5?
False
Does 23 divide 1453278?
True
Does 73 divide 1459148?
False
Is 48 a factor of 2707983?
False
Does 14 divide 66211?
False
Is 166 a factor of 24070?
True
Does 6 divide 10839?
False
Is 39 a factor of 54177?
False
Does 11 divide 5838173?
True
Is 7246467 a multiple of 589?
True
Is 193252 a multiple of 507?
False
Is 311436 a multiple of 41?
True
Is 800 a factor of 902400?
True
Does 13 divide 876460?
True
Is 557 a factor of 6053476?
True
Is 5 a factor of 72350?
True
Is 207 a factor of 311146?
False
Is 23230 a multiple of 23?
True
Is 3 a factor of 472943?
False
Is 24 a factor of 22080?
True
Does 31 divide 20956?
True
Is 19 a factor of 4503?
True
Does 158 divide 24310?
False
Is 2457192 a multiple of 282?
False
Is 4407 a multiple of 113?
True
Is 85338 a multiple of 19?
False
Is 334296 a multiple of 36?
True
Is 107927 a multiple of 12?
False
Is 70 a factor of 1674680?
True
Is 14 a factor of 121802?
False
Is 26130 a multiple of 78?
True
Is 59 a factor of 3345958?
False
Is 73 a factor of 1632864?
True
Is 3436380 a multiple of 180?
True
Is 17 a factor of 2411008?
True
Is 47 a factor of 1965308?
False
Is 36 a factor of 840800?
False
Does 17 divide 182019?
True
Does 6 divide 5937260?
False
Is 138 a factor of 1845530?
False
Is 755675 a multiple of 224?
False
Is 157 a factor of 1407569?
False
Is 38190 a multiple of 57?
True
Does 2 divide 36726?
True
Is 451204 a multiple of 17?
False
Does 77 divide 628952?
False
Is 1389105 a multiple of 24?
False
Is 80588 a multiple of 4?
True
Does 283 divide 6344017?
False
Does 102 divide 27374148?
True
Is 877 a factor of 3998258?
False
Does 4 divide 2045459?
False
Is 248492 a multiple of 23?
True
Is 554 a factor of 154566?
True
Is 1829784 a multiple of 4?
True
Is 12 a factor of 1429912?
False
Is 413747 a multiple of 47?
False
Is 21942 a multiple of 53?
True
Does 10 divide 1418970?
True
Does 11 divide 229611?
False
Does 4 divide 2595708?
True
Is 1331241 a multiple of 177?
False
Is 37 a factor of 1705893?
False
Is 108 a factor of 3841452?
True
Does 225 divid